base 16.
203e74
-11001111100010011010000 (base 2) to base 11
-3925427
Convert -12000 (base 9) to base 4.
-1331103
What is -14702548 (base 10) in base 15?
-145649d
What is -12010020200 (base 3) in base 4?
-120212232
186698 (base 10) to base 16
2d94a
235551104 (base 6) to base 12
15bb494
Convert -3213022023 (base 4) to base 10.
-946827
1101413400 (base 5) to base 13
651137
What is -2dd5d (base 14) in base 9?
-184837
Convert -3027537 (base 8) to base 14.
-16b03d
Convert -1040324423 (base 5) to base 13.
-619474
23b59 (base 15) to base 12
55b26
What is -1111111011011011 (base 2) in base 15?
-144e8
What is 3244323 (base 10) in base 6?
153312003
Convert a9113 (base 15) to base 16.
83124
46cc38 (base 13) to base 15
2343bc
Convert 422311031 (base 5) to base 13.
498206
Convert -10142422 (base 5) to base 9.
-137337
Convert 301302003 (base 4) to base 11.
12a220
Convert 12170 (base 15) to base 8.
160551
2303012221 (base 4) to base 8
2630651
What is -9777 (base 16) in base 13?
-14859
Convert -4654314 (base 7) to base 10.
-584973
-82a7 (base 13) to base 12
-a543
4ac0c5 (base 14) to base 7
30555335
Convert 302030122133 (base 4) to base 10.
13158047
Convert -49294 (base 11) to base 2.
-10001010011101000
What is 45540 (base 12) in base 16?
168c0
What is -a0269 (base 14) in base 2?
-1011101111010000101
Convert 3301230 (base 6) to base 4.
213330102
Convert 273829 (base 11) to base 14.
b27a5
What is 4717203 (base 8) in base 10?
1285763
553140432 (base 6) to base 15
d18602
3380030 (base 10) to base 16
33933e
2147255 (base 12) to base 14
ba5b69
-1a8aa8 (base 11) to base 7
-2500206
Convert -8280363 (base 10) to base 12.
-2933a63
4d5d2f (base 16) to base 11
2953297
What is -2507128 (base 13) in base 5?
-10422310130
What is 1122233120 (base 5) in base 9?
4700833
Convert -203572 (base 8) to base 10.
-67450
What is 1a842a (base 11) in base 12?
134481
Convert -93712 (base 15) to base 9.
-782058
-121145 (base 7) to base 3
-1010020002
202334314 (base 5) to base 14
1765b0
What is -9276a5 (base 11) in base 14?
-2aa85d
-2ff72e (base 16) to base 10
-3143470
Convert 65d04 (base 15) to base 3.
121102211111
-2121001312 (base 4) to base 11
-398a24
101632233 (base 7) to base 10
5991303
Convert 17525173 (base 9) to base 14.
1256783
Convert -6448176 (base 11) to base 4.
-223101102022
What is 5433163 (base 8) in base 4?
11203121303
Convert -413342 (base 6) to base 14.
-c142
-37c71b9 (base 13) to base 12
-5a0b472
What is 213031232 (base 5) in base 8?
3356035
Convert -151231535 (base 6) to base 12.
-10785ab
Convert -328b12 (base 12) to base 5.
-201202030
Convert -100100000100010000000 (base 2) to base 5.
-300304244
-230504 (base 6) to base 7
-111133
-102212000102 (base 3) to base 6
-5000015
Convert 100011111101000001010110 (base 2) to base 13.
1c4cc18
What is -1110110010011110010010 (base 2) in base 4?
-32302132102
-13244342 (base 6) to base 9
-742728
Convert 38a8 (base 15) to base 5.
341313
Convert 2cd2 (base 15) to base 2.
10010110101111
-1242421 (base 6) to base 14
-1aabb
What is 11013313102 (base 4) in base 3?
2112020011011
102311433 (base 7) to base 5
3022202414
What is -33232101 (base 4) in base 16?
-fb91
-5443352 (base 11) to base 10
-9564986
Convert -10001101011110001011 (base 2) to base 16.
-8d78b
Convert 167a72 (base 12) to base 16.
5e736
What is -13411100 (base 5) in base 10?
-138275
-4405402 (base 6) to base 13
-78878
98f9c8 (base 16) to base 9
20770251
1001010000001101 (base 2) to base 15
b36b
20011222201 (base 3) to base 8
355607
What is -115287 (base 10) in base 12?
-56873
1310110120 (base 4) to base 3
220012112221
What is 184b712 (base 13) in base 10?
7936762
What is 4002333 (base 5) in base 14?
18c8b
What is 3453561 (base 8) in base 5?
220034024
What is 3705735 (base 9) in base 14?
3a52bc
-43ab5 (base 14) to base 7
-1252115
-101222211212 (base 3) to base 8
-646521
32123210223 (base 4) to base 15
4ead20
-3242252 (base 6) to base 5
-20124430
Convert -6510336 (base 7) to base 12.
-322760
275337 (base 8) to base 11
66964
Convert 20010021 (base 5) to base 13.
56542
Convert -431231 (base 6) to base 16.
-89e3
What is -343055 (base 12) in base 2?
-11001011110010000001
What is -176627 (base 8) in base 12?
-3169b
Convert 42313000 (base 5) to base 10.
354125
Convert 323628 (base 10) to base 4.
1033000230
Convert 23042434 (base 5) to base 16.
324aa
Convert -58b632 (base 15) to base 7.
-51020450
What is 10211020010 (base 3) in base 10?
75252
3605407 (base 10) to base 4
31300032133
89042 (base 10) to base 6
1524122
Convert -32e4c (base 16) to base 8.
-627114
What is -1330212210 (base 4) in base 7?
-4223652
-7023 (base 13) to base 15
-4873
What is -228156 (base 9) in base 16?
-217e0
What is 1251725 (base 13) in base 10?
5715611
Convert -1097c0 (base 14) to base 16.
-89b5c
132ba (base 16) to base 8
231272
-10111010011000011001 (base 2) to base 12
-309961
Convert -74d7c3 (base 15) to base 4.
-111032111232
Convert -131120003 (base 4) to base 6.
-2325015
1034113 (base 5) to base 10
18033
What is 1056034 (base 8) in base 10?
285724
4878241 (base 12) to base 6
1222025321
Convert -2204a09 (base 12) to base 10.
-6477993
What is -20434 (base 8) in base 6?
-103124
221494 (base 11) to base 6
11323354
What is 54041352 (base 7) in base 2?
10001100010101010101010
18ed31 (base 15) to base 12
4a6a84
1d925 (base 15) to base 9
156408
-29b928 (base 12) to base 15
-ddb9e
Convert -156560 (base 11) to base 2.
-111011010011100001
1022202010 (base 3) to base 16
65ca
Convert -33b466 (base 12) to base 8.
-3121716
What is -690524 (base 13) in base 8?
-11366662
Convert 42452306 (base 7) to base 13.
994c31
Convert 10111010001110001 (base 2) to base 15.
1d3b5
What is 5a5035 (base 12) in base 5?
333211301
Convert -1684a44 (base 11) to base 16.
-2baa09
Convert -a32c (base 16) to base 2.
-1010001100101100
What is 112031033331 (base 4) in base 5?
2442241222
1a91a (base 15) to base 2
10101000110011001
1248755 (base 9) to base 8
2464370
Convert 1122020000 (base 3) to base 4.
13313232
What is -c6aa8 (base 15) in base 7?
-5233124
What is 23a91 (base 16) in base 8?
435221
-10d23b (base 15) to base 10
-803756
-25b2c1 (base 15) to base 12
-7332a7
-27baa (base 14) to base 16
-1802a
Convert -1021200221000 (base 3) to base 10.
-683019
14028182 (base 9) to base 2
11010011011010111100010
42182 (base 14) to base 3
22002202000
Convert -537501 (base 8) to base 4.
-223331001
1101000111101011101 (base 2) to base 6
13114205
Convert 1430300 (base 6) to base 3.
11011011000
What is -39bd9c (base 14) in base 9?
-3665558
What is -61625 (base 13) in base 5?
-21041413
What is 288211 (base 14) in base 7?
14642121
What is -110492 (base 11) in base 5?
-21120102
What is -11010011101110101100001 (base 2) in base 16?
-69dd61
What is 29491 (base 15) in base 14?
364bb
-110232031 (base 4) to base 7
-502312
What is 10210020102202 (base 3) in base 8?
7532305
Convert a86d84 (base 16) to base 11.
625a092
What is c95b8 (base 16) in base 2?
11001001010110111000
Convert 1010011110111000111 (base 2) to base 3.
122110012001
c5649 (base 14) to base 5
110212303
Convert -41110213 (base 5) to base 13.
-b8114
What is -10010244 (base 5) in base 10?
-78824
4217512 (base 11) to base 16
716ada
Convert -110011000000011 (base 2) to base 14.
-9735
What is 3cd003 (base 14) in base 16?
2032bb
27765 (base 13) to base 10
73767
Convert -14031411 (base 5) to base 4.
-202312023
-3102321221 (base 4) to base 6
-30303145
Convert -111101111100001110001 (base 2) to base 13.
-560ac4
What is 18885325 (base 9) in base 2?
100100011110110010011000
2406365 (base 7) to base 2
1001010011010001010
What is 5f43e (base 16) in base 7?
3213425
What is -122816 (base 9) in base 3?
-10202220120
Convert 1414c15 (base 14) to base 8.
45100763
What is -1135125 (base 9) in base 6?
-21054122
What is -a2561 (base 16) in base 9?
-1223100
What is 40212 (base 12) in base 2?
10100010100101110
What is 303313112 (base 4) in base 11?
135676
What is -6804 (base 13) in base 10?
-14538
-110111000010011 (base 2) to base 11
-1a198
Convert 3552012 (base 6) to base 11.
117630
What is -467636 (base 9) in base 4?
-1010221200
-25650137 (base 8) to base 15
-780707
Convert -108748 (base 14) to base 6.
-20010112
22123002210 (base 4) to base 3
12010210212110
What is dd940 (base 14) in base 6?
15301352
What is 231313320233 